(4). Suppose 81 = 5*b - 959. Let l = -89 + b. What is the highest common divisor of l and o?
17
Let j(f) = -f**3 - 4*f**2 - 3*f - 4. Let y = -25 + 21. Let i be j(y). Calculate the greatest common divisor of 64 and i.
8
Let f be 6/4*56/6. What is the highest common factor of 14 and f?
14
Let o(d) = -d**3 - 11*d**2 - 11*d + 15. Let c be o(-10). What is the greatest common factor of c and 5?
5
Let p = 376 - -31. Calculate the greatest common divisor of p and 37.
37
Suppose 0 = -8*g + 4*g. Suppose 4*k - 1 - 35 = g. What is the highest common factor of k and 45?
9
Let f(p) = 6*p**2 - 3*p + 5*p - 4 + p**3 + 0*p**3. Let c be f(-4). Suppose -t = 4*r - 21, 5*r - 5 = -5*t + 40. Calculate the highest common divisor of r and c.
4
Let f(h) = 4*h**2 - h - 2. Let z be f(-6). Suppose -5*q = -2*s - z, 2 = 3*s - 1. Calculate the greatest common divisor of 6 and q.
6
Suppose -3*f = -3*a - 33, 4*f + 2*a + a = 58. What is the greatest common divisor of 26 and f?
13
Let i(d) = d + 15. Let r be i(-9). Let x(q) = 1 + 3 - 7 + q. Let n be x(r). What is the greatest common factor of n and 27?
3
Suppose 2 = -0*n + n. Suppose u - 4*u + 58 = -5*t, -5*u + n*t + 122 = 0. What is the greatest common factor of u and 39?
13
Let z(u) = -4*u - 1. Let y be z(-1). Suppose g - 240 = -y*g. What is the highest common factor of 15 and g?
15
Let n(g) = -9*g - 2. Let y be n(-2). Suppose -u = -3*u - 8. Let f = y - u. What is the greatest common divisor of f and 5?
5
Suppose -4*k - 5*j = -25, 2*k + 4*j - 17 = 3*j. Suppose -3*l = -l - 4*w - 88, 0 = -l + 3*w + 41. What is the greatest common divisor of k and l?
10
Let v = -69 + 76. Calculate the highest common divisor of 7 and v.
7
Let p(o) = -5*o**3 + 0 + 4*o**3 - 4*o**2 - 1 - 4*o. Suppose -3*c - 5*g + 3 = -0*g, 4*c + 5*g = -1. Let u be p(c). What is the highest common divisor of 5 and u?
5
Let k be (3 + -3 - -2) + (0 - -28). What is the highest common factor of k and 40?
10
Let n be 20 - (-8)/(-12)*-6. What is the highest common divisor of 36 and n?
12
Suppose 3*s - 21 = 5*x, 0*s + 4*s - 60 = -4*x. Let a be (4/s)/(4/1452). Calculate the greatest common factor of 11 and a.
11
Let d(l) = 13*l**2 - l**2 + 2*l + 11*l**2. Let k be d(2). What is the greatest common factor of 12 and k?
12
Suppose 0 = u + 2*g - 92, 3*u - 229 = 3*g + 38. What is the highest common factor of u and 10?
10
Let d be (-30)/(-9)*(-12)/(-10). Let q be ((3 - 5)*(-1)/(-2))/(-1). Calculate the highest common divisor of q and d.
1
Suppose 2 = 5*q + 5*m - 4*m, -10 = -3*q - 5*m. Suppose q = j + 1 - 12. What is the greatest common factor of j and 55?
11
Let w(s) = 2*s**2 - 15*s + 2. Let y = 29 + -21. Let o be w(y). What is the highest common divisor of 90 and o?
10
Let t(n) = -n**3 - 3*n + 4. Let o = 7 - 12. Let c = -8 - o. Let h be t(c). Calculate the greatest common divisor of 16 and h.
8
Let d be ((-847)/44)/(2/8). Let k = -42 - d. Calculate the highest common factor of 5 and k.
5
Let n = 22 + -8. Let o = n - 5. Calculate the highest common divisor of o and 27.
9
Let w be (-6)/(-9)*(-21)/(-2). Suppose -5*x + w*x = 4. What is the greatest common factor of x and 18?
2
Suppose 0 = f - i - 0 - 8, -20 = -5*i. Calculate the greatest common factor of f and 132.
12
Let o = 38 + -23. Calculate the highest common divisor of 15 and o.
15
Let i = -26 + 30. Suppose -i*x = -4*b + 472, 4*b + x - 3*x = 476. Suppose -55 = -4*w + 5. Calculate the greatest common divisor of w and b.
15
Let w(n) = -2*n + 7. Let l be w(5). Let z = -6 + 9. Let g = z - l. Calculate the highest common divisor of 4 and g.
2
Suppose 18 = 4*n - 3*n. Suppose 6*d = 8*d - n. What is the greatest common factor of 45 and d?
9
Let j = -14 + 16. Suppose 4*g - 2*h - 376 = -0*h, j*g = 3*h + 180. What is the highest common factor of g and 12?
12
Let l(f) be the second derivative of -2*f**3/3 - f**2/2 - 2*f. Let o be l(-2). Let a = 159 + -110. What is the greatest common factor of a and o?
7
Let l be 2/(-10) + (-33)/(-15). Suppose -3*a = -3*t + 6, -5*a = -t - l*t. Calculate the highest common divisor of 6 and a.
3
Let u = -81 + 99. What is the highest common divisor of 18 and u?
18
Let z = -7 + 5. Let j be 4*(-2 + z + 6). Let a(s) = 5*s - 5. Let u be a(5). What is the highest common divisor of j and u?
4
Let n = -13 - -24. Let b = 9 - 8. What is the greatest common factor of n and b?
1
Suppose 0 = 5*p + 64 - 169. Calculate the greatest common divisor of 231 and p.
21
Suppose -4*g - 4*y + 329 = y, -2*y - 241 = -3*g. Suppose v - 5 = 22. Calculate the highest common divisor of g and v.
27
Let v = -29 + 77. Calculate the greatest common divisor of v and 192.
48
Suppose -b + 23 = 4*k + 4*b, 0 = 2*k + b - 13. Calculate the greatest common divisor of k and 56.
7
Let v = -6 - -18. Calculate the highest common divisor of 108 and v.
12
Let q(z) be the third derivative of -z**5/60 + z**4/3 + z**3/6 - z**2. Let y be q(8). Let v = -58 + 66. Calculate the greatest common factor of v and y.
1
Let s(c) = 6*c + 3. Let o be s(3). Calculate the highest common divisor of o and 21.
21
Let q be 3 + -1 - 266/(-2). Let w be (-140)/(-5)*(-1)/(-1). Let f = 43 - w. Calculate the highest common divisor of q and f.
15
Let m be (-64)/24*(-102)/8. Let t = 55 - m. What is the greatest common divisor of t and 7?
7
Suppose 3*u + 2*k = -317, 0*u = -5*u + 3*k - 541. Let f = 296 + u. Calculate the highest common factor of f and 21.
21
Suppose -4*s = -3*s - 37. Calculate the highest common divisor of 333 and s.
37
Let j be (-10)/(-25) - (-3138)/5. Suppose -3*w = -a - 3*a + j, 0 = 3*a + w - 458. Calculate the greatest common factor of a and 14.
14
Let y(a) = a + 4. Let g be y(-6). Let h = 0 - g. Suppose 10 = 2*x + 2*t, -4*x = h*t + t - 23. Calculate the greatest common factor of 8 and x.
8
Suppose -5*k + 331 - 21 = 0. Let x = -2 + k. Suppose 4*h + 20 = s, h - 22 = -s + 3*h. What is the greatest common divisor of s and x?
12
Suppose 1 = -f - 0*f. Let x be (110 - f) + (-4)/(-2). Let t = -81 + x. Calculate the highest common factor of 8 and t.
8
Let k be 98 + -2 + 1 + 1. Let u be (-1)/(2 - 197/k). What is the highest common divisor of u and 14?
14
Let c(y) = -3 - 3*y**2 + 2*y**3 - 6*y - 3*y**3 + 3*y. Let x be c(-3). Calculate the greatest common factor of x and 9.
3
Suppose -5*n = -5*c - 160, 4*c - 3*c = -3*n + 100. Suppose 2*t = -3*t + 110. What is the greatest common factor of t and n?
11
Let m(a) = -a + 4. Let v be m(2). Suppose -n = -v*n + 10. Calculate the greatest common factor of 10 and n.
10
Let z = 22 + -20. Suppose -z*l + 96 = 5*y, 6 = -2*l - l. Calculate the greatest common factor of y and 50.
10
Let x = 47 + -29. Calculate the highest common factor of x and 162.
18
Let s(l) = l + 6. Let o(z) = -z + 5. Let p be o(0). Let r be s(p). Calculate the greatest common factor of r and 11.
11
Suppose 4*z - 216 = -0*z. Let y be (-1 + 7)/(4/(-2)). Let d be (y/6 + 2)*4. What is the greatest common factor of z and d?
6
Suppose -5*d + 468 = 13. Let f = 8 + d. Suppose v - f = -0*v. Calculate the highest common divisor of 11 and v.
11
Let k(p) = -p**3 + p**2 - p + 1. Let o be k(0). Suppose -7 = -g - 3*g - 3*d, -5*d = -4*g - o. Calculate the greatest common divisor of 2 and g.
1
Let z = 27 + 0. Let d = 1 - -6. Let t = -4 + d. Calculate the greatest common factor of t and z.
3
Suppose 3*d = d. Suppose -2*p - 3*h + 65 = 0, d = -p + 3*p - 2*h - 40. Suppose -4*j = j - p. What is the greatest common factor of j and 25?
5
Let y(w) = 4*w + 2. Let l(s) = s**3 + 9*s**2 + 7*s - 3. Let v be l(-8). Let b be y(v). Calculate the highest common factor of b and 55.
11
Suppose 14 = 3*y + 2*i, 0*i + 2 = -y - 4*i. Let f be y/(-21) - (-107)/7. Let b be (-90)/4*(-18)/f. What is the greatest common factor of 9 and b?
9
Let a be -27*(-20)/(-48)*-4. Let r(s) = -4*s - 3. Let x = -10 - -7. Let y be r(x). What is the greatest common divisor of y and a?
9
Suppose 7*d + 43 = 3*f + 8*d, -5*d = 25. What is the greatest common factor of f and 40?
8
Suppose 2*v - 5*h + 6 = -2, 3*h = 0. Let m = 7 + v. Let n(q) = 19*q - 30. Let c be n(3). Calculate the greatest common factor of m and c.
3
Let t = 24 - 9. Let z(r) = 18*r - 3. Let q be z(6). What is the greatest common divisor of t and q?
15
Let y = -144 + 360. Calculate the greatest common divisor of 27 and y.
27
Let c = -205 + 301. Let z(o) = o**2 + 5*o + 